{"id":383,"date":"2024-07-22T23:00:19","date_gmt":"2024-07-22T21:00:19","guid":{"rendered":"https:\/\/waldorf-ansbach.de\/?page_id=383"},"modified":"2024-07-25T22:34:50","modified_gmt":"2024-07-25T20:34:50","slug":"eingewoehnung","status":"publish","type":"page","link":"https:\/\/waldorf-ansbach.de\/?page_id=383","title":{"rendered":"Eingew\u00f6hnung"},"content":{"rendered":"\n<p>Gerade die kleinen Kinder brauchen eine behutsame, einf\u00fchlsame und individuelle Eingew\u00f6hnungszeit in die neue Lebenssituation. Sie ben\u00f6tigen Zeit, um Vertrauen zu den Erziehern und der Umgebung aufzubauen. Deshalb wird in Absprache mit den Eltern eine l\u00e4ngere Eingew\u00f6hnungsphase gemeinsam gestaltet. Die beiden Mitarbeiter der jeweiligen Gruppe sind pers\u00f6nliche Ansprechpartner f\u00fcr die Eltern und feste Bezugspersonen der Kinder.&nbsp;Zu Beginn lernen die Eltern mit ihrem Kind den zuk\u00fcnftigen Tagesablauf und die Bezugserzieher kennen. Der anschlie\u00dfende L\u00f6sungsprozess dauert unterschiedlich lang und wird in engem Austausch mit den Eltern gestaltet. Wir nehmen uns die Zeit, die das Kind ben\u00f6tigt. Besonders bei Kindern unter drei Jahren ist eine behutsame Eingew\u00f6hnung sehr wichtig. <\/p>\n\n\n\n<p>Systematisches Beobachten in der Eingew\u00f6hnungszeit hilft den P\u00e4dagogen, das Kind individuell wahrzunehmen, um seine Bed\u00fcrfnisse zu erkennen und neue Handlungsperspektiven zu gewinnen. <\/p>\n\n\n\n<p>In unserem Kindergarten werden die Kinder zeitlich versetzt eingew\u00f6hnt, sodass immer nur ein oder zwei Kinder in der Eingew\u00f6hnungsphase sind und somit die volle Aufmerksamkeit des Bezugserziehers gew\u00e4hrleistet ist.&nbsp;<\/p>\n\n\n\n<p>Die Kinder d\u00fcrfen ihr Kuscheltier oder ihren Schnuller mitbringen, um sich sicher und geborgen zu f\u00fchlen. Am ersten und zweitem Besuchstag spielt das Kind mit ihrer Begleitperson und erkundet alles. Nach und nach darf sich Mama oder Papa zur\u00fcckziehen und aktiv passiv sein. Eine Mitarbeiterin oder ein Mitarbeiter nimmt zunehmend Kontakt zum Kind auf. Oft sucht sich auch das Kind ihre selbst Bezugsperson aus. Zu einem ersten L\u00f6sungsversuch kommt es dann, wenn das Kind\u00a0 oder auch das Elternteil dazu bereit ist. Die erste Zeit ohne Eltern dauert maximal 30 Minuten und das Kind geht im Anschluss nach Hause. An den folgenden Tagen kann die Zeitspanne ohne Eltern erweitert werden. Mit viel Einf\u00fchlungsverm\u00f6gen und individueller Begleitung von Kind und Eltern ist eine gelingende und vertrauensvolle Eingew\u00f6hnung die Basis f\u00fcr die weitere Kindergartenzeit.<\/p>\n\n\n\n<p>Das Zeitfenster bis zum Abholen des Kindes kann weiter verl\u00e4ngert werden. Es wird genau beobachtet und es k\u00f6nnen noch f\u00fcr viele Wochen individuelle Abholzeiten vereinbart werden.&nbsp;<\/p>\n","protected":false},"excerpt":{"rendered":"<p>Gerade die kleinen Kinder brauchen eine behutsame, einf\u00fchlsame und individuelle Eingew\u00f6hnungszeit in die neue Lebenssituation. Sie ben\u00f6tigen Zeit, um Vertrauen zu den Erziehern und der Umgebung aufzubauen. Deshalb wird in Absprache mit den Eltern eine l\u00e4ngere Eingew\u00f6hnungsphase gemeinsam gestaltet. Die beiden Mitarbeiter der jeweiligen Gruppe sind pers\u00f6nliche Ansprechpartner f\u00fcr die Eltern und feste Bezugspersonen der &hellip; <\/p>\n<p class=\"link-more\"><a href=\"https:\/\/waldorf-ansbach.de\/?page_id=383\" class=\"more-link\"><span class=\"screen-reader-text\">\u201eEingew\u00f6hnung\u201c<\/span> weiterlesen<\/a><\/p>\n","protected":false},"author":4,"featured_media":330,"parent":0,"menu_order":0,"comment_status":"closed","ping_status":"closed","template":"","meta":{"two_page_speed":[],"footnotes":""},"class_list":["post-383","page","type-page","status-publish","has-post-thumbnail","hentry"],"_links":{"self":[{"href":"https:\/\/waldorf-ansbach.de\/index.php?rest_route=\/wp\/v2\/pages\/383"}],"collection":[{"href":"https:\/\/waldorf-ansbach.de\/index.php?rest_route=\/wp\/v2\/pages"}],"about":[{"href":"https:\/\/waldorf-ansbach.de\/index.php?rest_route=\/wp\/v2\/types\/page"}],"author":[{"embeddable":true,"href":"https:\/\/waldorf-ansbach.de\/index.php?rest_route=\/wp\/v2\/users\/4"}],"replies":[{"embeddable":true,"href":"https:\/\/waldorf-ansbach.de\/index.php?rest_route=%2Fwp%2Fv2%2Fcomments&post=383"}],"version-history":[{"count":2,"href":"https:\/\/waldorf-ansbach.de\/index.php?rest_route=\/wp\/v2\/pages\/383\/revisions"}],"predecessor-version":[{"id":462,"href":"https:\/\/waldorf-ansbach.de\/index.php?rest_route=\/wp\/v2\/pages\/383\/revisions\/462"}],"wp:featuredmedia":[{"embeddable":true,"href":"https:\/\/waldorf-ansbach.de\/index.php?rest_route=\/wp\/v2\/media\/330"}],"wp:attachment":[{"href":"https:\/\/waldorf-ansbach.de\/index.php?rest_route=%2Fwp%2Fv2%2Fmedia&parent=383"}],"curies":[{"name":"wp","href":"https:\/\/api.w.org\/{rel}","templated":true}]}}