{"id":393,"date":"2024-07-22T23:19:11","date_gmt":"2024-07-22T21:19:11","guid":{"rendered":"https:\/\/waldorf-ansbach.de\/?page_id=393"},"modified":"2024-07-22T23:19:12","modified_gmt":"2024-07-22T21:19:12","slug":"kuenstlerische-taetigkeiten","status":"publish","type":"page","link":"https:\/\/waldorf-ansbach.de\/?page_id=393","title":{"rendered":"K\u00fcnstlerische T\u00e4tigkeiten"},"content":{"rendered":"\n<p>K\u00fcnstlerische T\u00e4tigkeiten regen innere Bildungsprozesse an und helfen, seelische\u00a0Blockaden zu l\u00f6sen und sichtbar zu machen. Hierbei sollen keine Fertigkeiten gelernt,\u00a0sondern F\u00e4higkeiten angelegt werden. Der Schwerpunkt liegt im Prozess des T\u00e4tig Seins, nicht im Ergebnis.\u00a0<\/p>\n\n\n\n<p>Einmal w\u00f6chentlich malen die Kinder in kleinen Gruppen mit Pflanzenfarben in einem speziell daf\u00fcr hergerichteten Raum. Das Malen bringt die Seele des Menschen in Bewegung, zum Atmen.\u00a0Die Arbeit mit Bienenwachsknete regt die inneren Gestaltungskr\u00e4fte sowie den W\u00e4rmeorganismus der Kinder an.<\/p>\n\n\n\n<p>Mit einfachen Musikinstrumenten, meist pentatonischer Art, k\u00f6nnen die Kinder erste Klangerfahrungen machen. Der Kindergarten stellt hierf\u00fcr verschiedene Instrumente zur Verf\u00fcgung (z.B. Kinderharfen, Klangst\u00e4be, Xylophone). Dar\u00fcber hinaus hat das Singen einen festen Platz im\u00a0Tagesgeschehen.<\/p>\n","protected":false},"excerpt":{"rendered":"<p>K\u00fcnstlerische T\u00e4tigkeiten regen innere Bildungsprozesse an und helfen, seelische\u00a0Blockaden zu l\u00f6sen und sichtbar zu machen. Hierbei sollen keine Fertigkeiten gelernt,\u00a0sondern F\u00e4higkeiten angelegt werden. Der Schwerpunkt liegt im Prozess des T\u00e4tig Seins, nicht im Ergebnis.\u00a0 Einmal w\u00f6chentlich malen die Kinder in kleinen Gruppen mit Pflanzenfarben in einem speziell daf\u00fcr hergerichteten Raum. Das Malen bringt die Seele &hellip; <\/p>\n<p class=\"link-more\"><a href=\"https:\/\/waldorf-ansbach.de\/?page_id=393\" class=\"more-link\"><span class=\"screen-reader-text\">\u201eK\u00fcnstlerische T\u00e4tigkeiten\u201c<\/span> weiterlesen<\/a><\/p>\n","protected":false},"author":4,"featured_media":394,"parent":0,"menu_order":0,"comment_status":"closed","ping_status":"closed","template":"","meta":{"two_page_speed":[],"footnotes":""},"class_list":["post-393","page","type-page","status-publish","has-post-thumbnail","hentry"],"_links":{"self":[{"href":"https:\/\/waldorf-ansbach.de\/index.php?rest_route=\/wp\/v2\/pages\/393"}],"collection":[{"href":"https:\/\/waldorf-ansbach.de\/index.php?rest_route=\/wp\/v2\/pages"}],"about":[{"href":"https:\/\/waldorf-ansbach.de\/index.php?rest_route=\/wp\/v2\/types\/page"}],"author":[{"embeddable":true,"href":"https:\/\/waldorf-ansbach.de\/index.php?rest_route=\/wp\/v2\/users\/4"}],"replies":[{"embeddable":true,"href":"https:\/\/waldorf-ansbach.de\/index.php?rest_route=%2Fwp%2Fv2%2Fcomments&post=393"}],"version-history":[{"count":1,"href":"https:\/\/waldorf-ansbach.de\/index.php?rest_route=\/wp\/v2\/pages\/393\/revisions"}],"predecessor-version":[{"id":395,"href":"https:\/\/waldorf-ansbach.de\/index.php?rest_route=\/wp\/v2\/pages\/393\/revisions\/395"}],"wp:featuredmedia":[{"embeddable":true,"href":"https:\/\/waldorf-ansbach.de\/index.php?rest_route=\/wp\/v2\/media\/394"}],"wp:attachment":[{"href":"https:\/\/waldorf-ansbach.de\/index.php?rest_route=%2Fwp%2Fv2%2Fmedia&parent=393"}],"curies":[{"name":"wp","href":"https:\/\/api.w.org\/{rel}","templated":true}]}}